{"id":63065,"date":"2019-06-03T17:23:20","date_gmt":"2019-06-03T16:23:20","guid":{"rendered":"http:\/\/energyfuture.inesctec.pt\/?page_id=63065"},"modified":"2021-10-26T14:48:55","modified_gmt":"2021-10-26T13:48:55","slug":"clipping","status":"publish","type":"page","link":"https:\/\/energyfuture.inesctec.pt\/?page_id=63065","title":{"rendered":"Clipping"},"content":{"rendered":"<div class=\"container profilePage\">\n<div class=\"row profile\">\n<div class=\"col-md-9\" style=\"width: 100%;\">\n<div class=\"profile-content\">\n<p class=\"biography\">Clipping<\/p>\n<table  class=\"clippingTable table table-hover\" >\n<tbody>\n<tr class=\"header\">\n<th class=\"title\">Title<\/th>\n<th class=\"journal\">Journal<\/th>\n<th class=\"date\">Date<\/th>\n<th class=\"link\">&nbsp;<\/th>\n<th class=\"pdf\">&nbsp;<\/th>\n<\/tr>\n<tr>\n<td class=\"title\"><strong>Mais de 200 casas v\u00e3o testar solu\u00e7\u00e3o que visa melhorar a efici\u00eancia energ\u00e9tica<\/strong><\/td>\n<td class=\"journal\">TSF Online<\/td>\n<td class=\"date\">2019-05-29<\/td>\n<td class=\"link\">\n\t\t\t\t<a href=\"http:\/\/www.pt.cision.com\/s\/?l=484fcbee\" title=\"Link\" target=\"_blank\" rel=\"noopener noreferrer\"><img decoding=\"async\" src=\"\/images\/link-color.png\" alt=\"Link Icon\" class=\"linkImg\" onmouseover=\"this.src='\/images\/link-black.png';\" onmouseout=\"this.src='\/images\/link-color.png';\"\/><\/a>\n\t\t\t  <\/td>\n<td class=\"pdf\">\n\t\t\t\t<a href=\"https:\/\/energyfuture.inesctec.pt\/wp-content\/uploads\/communication\/2019\/clipping\/2019-05-29%20-%20TSF.pdf\" title=\"PDF\" target=\"_blank\" rel=\"noopener noreferrer\"><img decoding=\"async\" src=\"\/images\/pdf-color.png\" alt=\"Link Icon\" class=\"pdfImg\" onmouseover=\"this.src='\/images\/pdf-black.png';\" onmouseout=\"this.src='\/images\/pdf-color.png';\"\/><\/a>\n\t\t\t  <\/td>\n<\/tr>\n<tr>\n<td class=\"title\"><strong>Mais de 200 casas v\u00e3o testar solu\u00e7\u00e3o que visa melhorar a efici\u00eancia energ\u00e9tica<\/strong><\/td>\n<td class=\"journal\">Sapo 24 Online<\/td>\n<td class=\"date\">2019-05-29<\/td>\n<td class=\"link\">\n\t\t\t\t<a href=\"http:\/\/www.pt.cision.com\/s\/?l=fadc73b7\" title=\"Link\" target=\"_blank\" rel=\"noopener noreferrer\"><img decoding=\"async\" src=\"\/images\/link-color.png\" alt=\"Link Icon\" class=\"linkImg\" onmouseover=\"this.src='\/images\/link-black.png';\" onmouseout=\"this.src='\/images\/link-color.png';\"\/><\/a>\n\t\t\t  <\/td>\n<td class=\"pdf\">\n\t\t\t\t<a href=\"https:\/\/energyfuture.inesctec.pt\/wp-content\/uploads\/communication\/2019\/clipping\/2019-05-29%20-%20Sapo%2024.pdf\" title=\"PDF\" target=\"_blank\" rel=\"noopener noreferrer\"><img decoding=\"async\" src=\"\/images\/pdf-color.png\" alt=\"Link Icon\" class=\"pdfImg\" onmouseover=\"this.src='\/images\/pdf-black.png';\" onmouseout=\"this.src='\/images\/pdf-color.png';\"\/><\/a>\n\t\t\t  <\/td>\n<\/tr>\n<tr>\n<td class=\"title\"><strong>Mais de 200 casas v\u00e3o testar solu\u00e7\u00e3o que visa melhorar a efici\u00eancia energ\u00e9tica<\/strong><\/td>\n<td class=\"journal\">Di\u00e1rio de Not\u00edcias Online<\/td>\n<td class=\"date\">2019-05-29<\/td>\n<td class=\"link\">\n\t\t\t\t<a href=\"http:\/\/www.pt.cision.com\/s\/?l=6ab6746\" title=\"Link\" target=\"_blank\" rel=\"noopener noreferrer\"><img decoding=\"async\" src=\"\/images\/link-color.png\" alt=\"Link Icon\" class=\"linkImg\" onmouseover=\"this.src='\/images\/link-black.png';\" onmouseout=\"this.src='\/images\/link-color.png';\"\/><\/a>\n\t\t\t  <\/td>\n<td class=\"pdf\">\n\t\t\t\t<a href=\"https:\/\/energyfuture.inesctec.pt\/wp-content\/uploads\/communication\/2019\/clipping\/2019-05-29%20-%20Diario%20de%20Noticias.pdf\" title=\"PDF\" target=\"_blank\" rel=\"noopener noreferrer\"><img decoding=\"async\" src=\"\/images\/pdf-color.png\" alt=\"Link Icon\" class=\"pdfImg\" onmouseover=\"this.src='\/images\/pdf-black.png';\" onmouseout=\"this.src='\/images\/pdf-color.png';\"\/><\/a>\n\t\t\t  <\/td>\n<\/tr>\n<tr>\n<td class=\"title\"><strong>Mais de 200 casas v\u00e3o testar solu\u00e7\u00e3o que visa melhorar a efici\u00eancia energ\u00e9tica<\/strong><\/td>\n<td class=\"journal\">Di\u00e1rio de Not\u00edcias da Madeira<\/td>\n<td class=\"date\">2019-05-29<\/td>\n<td class=\"link\">\n\t\t\t\t<!--<a href=\"\" title=\"Link\" target=\"_blank\" rel=\"noopener noreferrer\"><img decoding=\"async\" src=\"\/images\/link-color.png\" alt=\"Link Icon\" class=\"linkImg\" onmouseover=\"this.src='\/images\/link-black.png';\" onmouseout=\"this.src='\/images\/link-color.png';\"\/><\/a>-->\n\t\t\t  <\/td>\n<td class=\"pdf\">\n\t\t\t\t<a href=\"https:\/\/energyfuture.inesctec.pt\/wp-content\/uploads\/communication\/2019\/clipping\/2019-05-29%20-%20Di%c3%a1rio%20de%20Not%c3%adcias%20da%20Madeira.pdf\" title=\"PDF\" target=\"_blank\" rel=\"noopener noreferrer\"><img decoding=\"async\" src=\"\/images\/pdf-color.png\" alt=\"Link Icon\" class=\"pdfImg\" onmouseover=\"this.src='\/images\/pdf-black.png';\" onmouseout=\"this.src='\/images\/pdf-color.png';\"\/><\/a>\n\t\t\t  <\/td>\n<\/tr>\n<tr>\n<td class=\"title\"><strong>Mais de 200 casas v\u00e3o testar solu\u00e7\u00e3o que visa melhorar a efici\u00eancia energ\u00e9tica<\/strong><\/td>\n<td class=\"journal\">Ambiente Magazine Online<\/td>\n<td class=\"date\">2019-05-29<\/td>\n<td class=\"link\">\n\t\t\t\t<a href=\"http:\/\/www.pt.cision.com\/s\/?l=d57a22b3\" title=\"Link\" target=\"_blank\" rel=\"noopener noreferrer\"><img decoding=\"async\" src=\"\/images\/link-color.png\" alt=\"Link Icon\" class=\"linkImg\" onmouseover=\"this.src='\/images\/link-black.png';\" onmouseout=\"this.src='\/images\/link-color.png';\"\/><\/a>\n\t\t\t  <\/td>\n<td class=\"pdf\">\n\t\t\t\t<a href=\"https:\/\/energyfuture.inesctec.pt\/wp-content\/uploads\/communication\/2019\/clipping\/2019-05-29%20-%20Ambiente%20Magazine.pdf\" title=\"PDF\" target=\"_blank\" rel=\"noopener noreferrer\"><img decoding=\"async\" src=\"\/images\/pdf-color.png\" alt=\"Link Icon\" class=\"pdfImg\" onmouseover=\"this.src='\/images\/pdf-black.png';\" onmouseout=\"this.src='\/images\/pdf-color.png';\"\/><\/a>\n\t\t\t  <\/td>\n<\/tr>\n<tr>\n<td class=\"title\"><strong>Em 20 anos, Portugal ter\u00e1 uma tend\u00eancia 100% renov\u00e1vel na gera\u00e7\u00e3o de eletricidade<\/strong><\/td>\n<td class=\"journal\">Viva!Porto Online<\/td>\n<td class=\"date\">2019-05-22<\/td>\n<td class=\"link\">\n\t\t\t\t<a href=\"http:\/\/www.pt.cision.com\/s\/?l=1250c9b1\" title=\"Link\" target=\"_blank\" rel=\"noopener noreferrer\"><img decoding=\"async\" src=\"\/images\/link-color.png\" alt=\"Link Icon\" class=\"linkImg\" onmouseover=\"this.src='\/images\/link-black.png';\" onmouseout=\"this.src='\/images\/link-color.png';\"\/><\/a>\n\t\t\t  <\/td>\n<td class=\"pdf\">\n\t\t\t\t<a href=\"https:\/\/energyfuture.inesctec.pt\/wp-content\/uploads\/communication\/2019\/clipping\/2019-05-22%20-%20VivaPorto.pdf\" title=\"PDF\" target=\"_blank\" rel=\"noopener noreferrer\"><img decoding=\"async\" src=\"\/images\/pdf-color.png\" alt=\"Link Icon\" class=\"pdfImg\" onmouseover=\"this.src='\/images\/pdf-black.png';\" onmouseout=\"this.src='\/images\/pdf-color.png';\"\/><\/a>\n\t\t\t  <\/td>\n<\/tr>\n<tr>\n<td class=\"title\"><strong>Em 20 anos Portugal ter\u00e1 uma tend\u00eancia 100% renov\u00e1vel na gera\u00e7\u00e3o de eletricidade<\/strong><\/td>\n<td class=\"journal\">Revista O Instalador Online<\/td>\n<td class=\"date\">2019-05-07<\/td>\n<td class=\"link\">\n\t\t\t\t<a href=\"http:\/\/www.pt.cision.com\/s\/?l=5e426f5e\" title=\"Link\" target=\"_blank\" rel=\"noopener noreferrer\"><img decoding=\"async\" src=\"\/images\/link-color.png\" alt=\"Link Icon\" class=\"linkImg\" onmouseover=\"this.src='\/images\/link-black.png';\" onmouseout=\"this.src='\/images\/link-color.png';\"\/><\/a>\n\t\t\t  <\/td>\n<td class=\"pdf\">\n\t\t\t\t<a href=\"https:\/\/energyfuture.inesctec.pt\/wp-content\/uploads\/communication\/2019\/clipping\/2019-05-07%20-%20Revista%20O%20Instalador.pdf\" title=\"PDF\" target=\"_blank\" rel=\"noopener noreferrer\"><img decoding=\"async\" src=\"\/images\/pdf-color.png\" alt=\"Link Icon\" class=\"pdfImg\" onmouseover=\"this.src='\/images\/pdf-black.png';\" onmouseout=\"this.src='\/images\/pdf-color.png';\"\/><\/a>\n\t\t\t  <\/td>\n<\/tr>\n<tr>\n<td class=\"title\"><strong>Portugal: 100% renov\u00e1vel na gera\u00e7\u00e3o de electricidade daqui a 20 anos<\/strong><\/td>\n<td class=\"journal\">Di\u00e1rio Imobili\u00e1rio Online<\/td>\n<td class=\"date\">2019-05-07<\/td>\n<td class=\"link\">\n\t\t\t\t<a href=\"http:\/\/www.pt.cision.com\/s\/?l=a08bfc4d\" title=\"Link\" target=\"_blank\" rel=\"noopener noreferrer\"><img decoding=\"async\" src=\"\/images\/link-color.png\" alt=\"Link Icon\" class=\"linkImg\" onmouseover=\"this.src='\/images\/link-black.png';\" onmouseout=\"this.src='\/images\/link-color.png';\"\/><\/a>\n\t\t\t  <\/td>\n<td class=\"pdf\">\n\t\t\t\t<a href=\"https:\/\/energyfuture.inesctec.pt\/wp-content\/uploads\/communication\/2019\/clipping\/2019-05-07%20-%20Diario%20Imobiliario.pdf\" title=\"PDF\" target=\"_blank\" rel=\"noopener noreferrer\"><img decoding=\"async\" src=\"\/images\/pdf-color.png\" alt=\"Link Icon\" class=\"pdfImg\" onmouseover=\"this.src='\/images\/pdf-black.png';\" onmouseout=\"this.src='\/images\/pdf-color.png';\"\/><\/a>\n\t\t\t  <\/td>\n<\/tr>\n<tr>\n<td class=\"title\"><strong>Em 20 anos Portugal ter\u00e1 uma tend\u00eancia 100% renov\u00e1vel na gera\u00e7\u00e3o de eletricidade<\/strong><\/td>\n<td class=\"journal\">Ambiente Magazine Online<\/td>\n<td class=\"date\">2019-05-07<\/td>\n<td class=\"link\">\n\t\t\t\t<a href=\"http:\/\/www.pt.cision.com\/s\/?l=a2f215d\" title=\"Link\" target=\"_blank\" rel=\"noopener noreferrer\"><img decoding=\"async\" src=\"\/images\/link-color.png\" alt=\"Link Icon\" class=\"linkImg\" onmouseover=\"this.src='\/images\/link-black.png';\" onmouseout=\"this.src='\/images\/link-color.png';\"\/><\/a>\n\t\t\t  <\/td>\n<td class=\"pdf\">\n\t\t\t\t<a href=\"\/wp-content\/uploads\/communication\/2019\/clipping\/2019-05-07%20-%20Ambiente%20Magazine.pdf\" title=\"PDF\" target=\"_blank\" rel=\"noopener noreferrer\"><img decoding=\"async\" src=\"\/images\/pdf-color.png\" alt=\"Link Icon\" class=\"pdfImg\" onmouseover=\"this.src='\/images\/pdf-black.png';\" onmouseout=\"this.src='\/images\/pdf-color.png';\"\/><\/a>\n\t\t\t  <\/td>\n<\/tr>\n<\/tbody>\n<\/table><\/div>\n<div class=\"buttonHomepage\">\n        <a href=\"https:\/\/energyfuture.inesctec.pt\/#custom_html-10\" class=\"homepage\">&nbsp;<\/a>\n      <\/div>\n<\/p><\/div>\n<\/p><\/div>\n<\/div>\n","protected":false},"excerpt":{"rendered":"<p>Clipping Title Journal Date &nbsp; &nbsp; Mais de 200 casas v\u00e3o testar solu\u00e7\u00e3o que visa melhorar a efici\u00eancia energ\u00e9tica TSF Online 2019-05-29 Mais de 200 casas v\u00e3o testar solu\u00e7\u00e3o que visa melhorar a efici\u00eancia energ\u00e9tica Sapo 24 Online 2019-05-29 Mais de 200 casas v\u00e3o testar solu\u00e7\u00e3o que visa melhorar a efici\u00eancia energ\u00e9tica Di\u00e1rio de Not\u00edcias<\/p>\n<div><a class=\"btn-filled btn\" href=\"https:\/\/energyfuture.inesctec.pt\/?page_id=63065\" title=\"Clipping\">Read More<\/a><\/div>\n","protected":false},"author":4,"featured_media":0,"parent":0,"menu_order":0,"comment_status":"closed","ping_status":"closed","template":"","meta":{"footnotes":""},"class_list":["post-63065","page","type-page","status-publish","hentry"],"_links":{"self":[{"href":"https:\/\/energyfuture.inesctec.pt\/index.php?rest_route=\/wp\/v2\/pages\/63065","targetHints":{"allow":["GET"]}}],"collection":[{"href":"https:\/\/energyfuture.inesctec.pt\/index.php?rest_route=\/wp\/v2\/pages"}],"about":[{"href":"https:\/\/energyfuture.inesctec.pt\/index.php?rest_route=\/wp\/v2\/types\/page"}],"author":[{"embeddable":true,"href":"https:\/\/energyfuture.inesctec.pt\/index.php?rest_route=\/wp\/v2\/users\/4"}],"replies":[{"embeddable":true,"href":"https:\/\/energyfuture.inesctec.pt\/index.php?rest_route=%2Fwp%2Fv2%2Fcomments&post=63065"}],"version-history":[{"count":28,"href":"https:\/\/energyfuture.inesctec.pt\/index.php?rest_route=\/wp\/v2\/pages\/63065\/revisions"}],"predecessor-version":[{"id":95633,"href":"https:\/\/energyfuture.inesctec.pt\/index.php?rest_route=\/wp\/v2\/pages\/63065\/revisions\/95633"}],"wp:attachment":[{"href":"https:\/\/energyfuture.inesctec.pt\/index.php?rest_route=%2Fwp%2Fv2%2Fmedia&parent=63065"}],"curies":[{"name":"wp","href":"https:\/\/api.w.org\/{rel}","templated":true}]}}